ulate the remainder when 39034 is divided by 149.
145
What is the remainder when 951 is divided by 366?
219
Calculate the remainder when 251620 is divided by 111.
94
What is the remainder when 325751 is divided by 187?
184
Calculate the remainder when 3009 is divided by 1184.
641
Calculate the remainder when 5688 is divided by 2834.
20
Calculate the remainder when 65151 is divided by 182.
177
Calculate the remainder when 5470 is divided by 42.
10
Calculate the remainder when 3055 is divided by 1506.
43
What is the remainder when 2883 is divided by 340?
163
What is the remainder when 29672 is divided by 27?
26
What is the remainder when 22757 is divided by 475?
432
Calculate the remainder when 4172 is divided by 465.
452
What is the remainder when 2118063 is divided by 16?
15
What is the remainder when 17372 is divided by 5787?
11
Calculate the remainder when 1890 is divided by 742.
406
Calculate the remainder when 15942 is divided by 7968.
6
What is the remainder when 6554 is divided by 1309?
9
Calculate the remainder when 4478 is divided by 1117.
10
What is the remainder when 438 is divided by 40?
38
Calculate the remainder when 357116 is divided by 773.
763
What is the remainder when 10579 is divided by 839?
511
What is the remainder when 29269 is divided by 54?
1
What is the remainder when 1451 is divided by 651?
149
Calculate the remainder when 9926 is divided by 138.
128
What is the remainder when 564 is divided by 46?
12
Calculate the remainder when 10628 is divided by 149.
49
What is the remainder when 302 is divided by 116?
70
Calculate the remainder when 28063 is divided by 86.
27
What is the remainder when 22052 is divided by 28?
16
What is the remainder when 94274 is divided by 34?
26
What is the remainder when 3458 is divided by 396?
290
What is the remainder when 1264 is divided by 622?
20
Calculate the remainder when 2147 is divided by 77.
68
What is the remainder when 2884 is divided by 774?
562
What is the remainder when 3056 is divided by 78?
14
What is the remainder when 12476 is divided by 691?
38
Calculate the remainder when 394402 is divided by 43.
6
Calculate the remainder when 7571 is divided by 469.
67
Calculate the remainder when 13853 is divided by 2764.
33
Calculate the remainder when 5935 is divided by 5809.
126
Calculate the remainder when 223371 is divided by 223264.
107
What is the remainder when 4181 is divided by 65?
21
Calculate the remainder when 1683 is divided by 1431.
252
Calculate the remainder when 35265 is divided by 42.
27
What is the remainder when 480 is divided by 428?
52
What is the remainder when 9624 is divided by 29?
25
What is the remainder when 8369 is divided by 142?
133
What is the remainder when 39431 is divided by 49?
35
What is the remainder when 20243 is divided by 75?
68
Calculate the remainder when 33085 is divided by 33080.
5
What is the remainder when 232314 is divided by 64?
58
What is the remainder when 177 is divided by 6?
3
Calculate the remainder when 73219 is divided by 4881.
4
Calculate the remainder when 3508 is divided by 13.
11
Calculate the remainder when 1632 is divided by 150.
132
Calculate the remainder when 256335 is divided by 835.
825
What is the remainder when 2979 is divided by 22?
9
Calculate the remainder when 10021 is divided by 39.
37
What is the remainder when 42125 is divided by 39?
5
What is the remainder when 18010 is divided by 2528?
314
Calculate the remainder when 6516 is divided by 309.
27
Calculate the remainder when 4030 is divided by 7.
5
What is the remainder when 929 is divided by 55?
49
Calculate the remainder when 349427 is divided by 12.
11
What is the remainder when 9678 is divided by 602?
46
Calculate the remainder when 29925 is divided by 411.
333
Calculate the remainder when 29782 is divided by 29700.
82
What is the remainder when 119508 is divided by 17?
15
What is the remainder when 364384 is divided by 60730?
4
Calculate the remainder when 128786 is divided by 22.
20
Calculate the remainder when 22817 is divided by 76.
17
What is the remainder when 3139 is divided by 1511?
117
Calculate the remainder when 55117 is divided by 75.
67
Calculate the remainder when 1805 is divided by 259.
251
Calculate the remainder when 5966 is divided by 1867.
365
What is the remainder when 838525 is divided by 64?
61
What is the remainder when 9811061 is divided by 1633?
1630
Calculate the remainder when 183051 is divided by 61015.
6
What is the remainder when 175622 is divided by 515?
7
Calculate the remainder when 15009 is divided by 3703.
197
Calculate the remainder when 132322 is divided by 823.
642
Calculate the remainder when 1020 is divided by 146.
144
Calculate the remainder when 71249 is divided by 23691.
176
What is the remainder when 131198 is divided by 264?
254
What is the remainder when 9165 is divided by 15?
0
Calculate the remainder when 118254 is divided by 58.
50
What is the remainder when 13766 is divided by 4?
2
Calculate the remainder when 10276 is divided by 2053.
11
What is the remainder when 43840 is divided by 43?
23
Calculate the remainder when 85355 is divided by 7.
4
What is the remainder when 18592 is divided by 2321?
24
Calculate the remainder when 2464 is divided by 20.
4
What is the remainder when 32490 is divided by 422?
418
What is the remainder when 18382 is divided by 201?
91
What is the remainder when 107308 is divided by 52?
32
Calculate the remainder when 312209 is divided by 1523.
1517
What is the remainder when 78508 is divided by 20?
8
Calculate the remainder when 20733 is divided by 6910.
3
What is the remainder when 6424 is divided by 5?
4
Calculate the remainder when 9213 is divided by 610.
63
What is the remainder when 5585 is divided by 361?
170
What is the remainder when 6905248 is divided by 55?
53
What is the remainder when 7003 is divided by 82?
33
What is the remainder when 9637 is divided by 119?
117
Calculate the remainder when 2034302 is divided by 16.
14
Calculate the remainder when 706062 is divided by 97.
96
Calculate the remainder when 42343 is divided by 10.
3
What is the remainder when 3381 is divided by 561?
15
Calculate the remainder when 29833 is divided by 14752.
329
What is the remainder when 70245 is divided by 24?
21
What is the remainder when 2603 is divided by 539?
447
What is the remainder when 10598 is divided by 1058?
18
What is the remainder when 10462 is divided by 242?
56
Calculate the remainder when 2271122 is divided by 218.
216
What is the remainder when 3819 is divided by 127?
9
Calculate the remainder when 20500 is divided by 203.
200
Calculate the remainder when 129048 is divided by 254.
16
Calculate the remainder when 214205 is divided by 431.
429
Calculate the remainder when 3488 is divided by 1730.
28
Calculate the remainder when 53012 is divided by 17668.
8
What is the remainder when 410 is divided by 70?
60
Calculate the remainder when 12090 is divided by 3973.
171
What is the remainder when 4209 is divided by 94?
73
Calculate the remainder when 2740 is divided by 750.
490
Calculate the remainder when 21890 is divided by 21745.
145
Calculate the remainder when 21112 is divided by 173.
6
Calculate the remainder when 393090 is divided by 34.
16
Calculate the remainder when 1943 is divided by 387.
8
Calculate the remainder when 173420 is divided by 131.
107
Calculate the remainder when 32383 is divided by 16172.
39
Calculate the remainder when 8135 is divided by 354.
347
What is the remainder when 851 is divided by 116?
39
Calculate the remainder when 163485 is divided by 991.
961
Calculate the remainder when 480159 is divided by 40.
39
What is the remainder when 13007 is divided by 25?
7
What is the remainder when 36607 is divided by 2033?
13
Calculate the remainder when 3766 is divided by 949.
919
What is the remainder when 21220 is divided by 75?
70
Calculate the remainder when 11879 is divided by 176.
87
What is the remainder when 6611 is divided by 6418?
193
Calculate the remainder when 17640 is divided by 141.
15
What is the remainder when 344230 is divided by 71?
22
Calculate the remainder when 25104 is divided by 162.
156
Calculate the remainder when 1040168 is divided by 244.
240
Calculate the remainder when 15276 is divided by 191.
187
What is the remainder wh